est common factor of a and s?
4
Let j = 32 + -19. Let z = 24 - j. What is the highest common factor of z and 66?
11
Let j(y) = -2*y**3 - 3*y**2 - 4*y - 7. Let c be j(-5). Suppose -5*b - 108 = -2*x, -3*x - 3*b = -4*b - c. Calculate the greatest common divisor of 8 and x.
8
Suppose -4*u + 276 = 5*n - 25, -5*n = 5*u - 305. Suppose -4*d + 3*l + 59 = 0, 3*d = -2*l + n - 0. What is the highest common divisor of d and 187?
17
Suppose 0 = -10*c + 5*c + 5, -4*c = -4*r + 108. What is the greatest common divisor of r and 4?
4
Let l(v) = -v**3 + 15*v**2 - v + 21. Let y be l(15). Calculate the greatest common factor of 8 and y.
2
Suppose 0 = 21*m - 19*m - 56. What is the highest common divisor of 70 and m?
14
Suppose 0 = -f + 23 + 4. What is the highest common divisor of 45 and f?
9
Let d be -1 + 2 - (-4 - 3). Calculate the highest common factor of d and 1.
1
Let x(m) = -m**2 - 17*m - 10. Let u be x(-12). Let t = 9 - 4. Suppose t*v - 37 = 63. Calculate the greatest common factor of v and u.
10
Suppose 22 = 5*l + 7. Suppose l = 3*h - 3. Suppose 0 = x + h*x - 405. What is the greatest common factor of 15 and x?
15
Let u be (-730)/(-8) + 1/(-4). Suppose -d + 4 = 2. Suppose -2*y = x - 23, 0 = -d*x - 5*y - 23 + 74. Calculate the highest common factor of x and u.
13
Let x(y) = y + 9. Suppose -5*a - 30 = -n - n, 4*n = 4*a + 24. Let o be x(a). Calculate the greatest common factor of o and 3.
3
Let x(c) = c**3 - c**2 + 3*c - 2. Suppose 2*q - 12 = -2*q. Let p be x(q). Calculate the greatest common divisor of 10 and p.
5
Let d be -10*2*(0 + -1). Suppose -7*i = -9*i + 60. What is the highest common factor of i and d?
10
Let a = -9 + 15. Let g(n) = 10*n - 8. Let f be g(a). Let p = -10 + f. What is the highest common divisor of 6 and p?
6
Let i(k) = -12*k**3 + k. Let v be ((-4)/2)/(-7 - -9). Let y be i(v). Suppose 2*h = 6*h - 308. Calculate the highest common factor of h and y.
11
Suppose 0 = f - 38 - 13. Suppose 14 = h - 20. Calculate the highest common divisor of h and f.
17
Let i = -6 + 16. Suppose -5*n = 4*x - 412, -9 = n + x - 92. Suppose k + n = 3*k. What is the highest common divisor of i and k?
10
Let s be 1 + 5 + (-1 - 2). Calculate the highest common factor of 6 and s.
3
Let l(n) = -n**2 - 5*n + 3. Let c be l(-3). Calculate the highest common divisor of 6 and c.
3
Let m(h) = h**3 - 6*h**2 + 2*h. Let f be m(5). Let o be f/3*(-4)/10. Let l be 2/(-3) - 98/(-21). What is the greatest common factor of l and o?
2
Suppose 5*g = 3*a - 10, 0 = -a - 2*a - 2*g - 25. Let p be (a/(-20))/(3/24). Calculate the highest common divisor of 22 and p.
2
Let w(k) = k**3 + 5*k**2 + 5. Let y be (5 + 2)*18/(-21). Let s = y + 1. Let q be w(s). What is the highest common factor of q and 25?
5
Let s = 33 + -23. Calculate the greatest common factor of s and 15.
5
Let j = 38 + -33. Let g(v) = -v - 4. Let r be g(-6). Suppose -3*f + r - 18 = -n, -3*n + 60 = -5*f. What is the greatest common factor of j and n?
5
Suppose -5*q + 2*f + 47 = 0, 4*q + f - 38 = -3. Suppose -5*a - 80 = -q*a. Calculate the greatest common divisor of a and 5.
5
Let c be (-6)/(-21) - 162/(-21). Suppose 0*f - 2 = f - 2*j, -2*j = 3*f - 34. Calculate the highest common factor of c and f.
8
Suppose 3*m - 3 - 9 = 0. Suppose 7*x = m*x + 6. Suppose -x*w + 6 = w. What is the greatest common factor of w and 3?
1
Let f = 2 - -5. Calculate the greatest common factor of f and 21.
7
Suppose -28 - 2 = -3*n. Calculate the highest common factor of 70 and n.
10
Let f = 57 + -24. Suppose 0 = -2*q - q + 6. Suppose 0 = 4*l + 4, 3*o + q*o = -l + 14. Calculate the highest common factor of f and o.
3
Let t be (-9 - (-2)/(-1)) + 0. Let m = t + 21. What is the greatest common divisor of m and 110?
10
Let u(o) be the third derivative of -o**4/4 - o**3/2 - 4*o**2. Suppose -2*m - 2 = 2. Let n be u(m). What is the highest common factor of 36 and n?
9
Let i be 2*(-1)/2*-169. Suppose -87 = -2*f + i. Suppose 0 = -2*w + 4*o + 40, -5*w + 84 = -3*o + o. What is the greatest common factor of f and w?
16
Let p be ((-4)/(-2))/(-2)*101. Let y = -2 - p. Calculate the greatest common factor of 11 and y.
11
Suppose -3*a - 3*c + 8 = -a, 4*a - 36 = 4*c. Let r(j) = -4*j**2 + 5*j + 4. Let g be r(-3). Let d = 96 + g. Calculate the highest common factor of d and a.
7
Suppose -206 = -3*m + m. Let f = m - 43. Suppose 0 = 3*y + j - 23, 5*y - 45 = j - 4*j. Calculate the greatest common factor of y and f.
6
Let a be 19*1 - (15 - 12). What is the greatest common divisor of 4 and a?
4
Let y = 32 + -6. Let u be y + (-4 - (-6)/3). Let f(r) = r**2 - 10*r - 16. Let c be f(12). Calculate the greatest common divisor of u and c.
8
Let r be (1 - 1 - 3) + -166. Let b = -120 - r. What is the highest common divisor of b and 7?
7
Let x(u) = 0*u**3 - u**2 - 2*u**3 + u**3 - 12 - u. Let b be x(0). Let v be b/10*(-10)/4. Calculate the highest common factor of v and 27.
3
Let o(y) = y**3 + 3*y**2 - 5*y - 3. Suppose 0 = 2*d - 3*d - 4. Let x be o(d). Calculate the greatest common factor of 2 and x.
1
Let q(t) = 0*t - 3 + 2*t + t**2 + 0. Let s be q(5). Suppose -6*a + 64 = 4*n - 2*a, n - 4*a = 16. What is the highest common divisor of s and n?
16
Let f be (-292)/20 - 4/10. Let a be 5/(12/f + 1). Let i be 4/(-6) + (-64)/(-6). What is the highest common factor of a and i?
5
Let a = -50 + 63. What is the highest common factor of a and 208?
13
Let g(n) = -n**2 + 15*n - 1. Let z be g(10). Suppose -z = -5*o + b, 4*o - 35 = -0*o + 5*b. Calculate the highest common divisor of 1 and o.
1
Suppose -3*m - 59 = -461. Let z = m - 79. Calculate the highest common divisor of z and 11.
11
Suppose u = -2*c - c + 1, 5*c + 3*u + 1 = 0. Suppose x = -4*j + 26, 3*j - 4*j - 4*x = c. Let f = 205 + -142. Calculate the greatest common divisor of j and f.
7
Suppose -197 = -4*z - 37. What is the greatest common factor of 8 and z?
8
Let p be (2/(-4))/1*2. Suppose c - 1 = f, 0 = f + c + 2*c + 17. Let v = p - f. Calculate the highest common factor of v and 10.
2
Let t(n) be the third derivative of n**4/12 - 13*n**3/6 + n**2. Let f be t(9). Suppose 140 + 10 = f*v. What is the greatest common factor of v and 12?
6
Let c be 6/(-3) + -28 - -3. Let b = 47 + c. Suppose 5*x - 9*x + b = 0. Calculate the greatest common divisor of 55 and x.
5
Suppose 5*w - 9*w + 344 = 0. Suppose -4*f + 6*s + 108 = 2*s, -3*f + w = -4*s. Calculate the greatest common factor of f and 110.
22
Suppose -h - h = -64. Calculate the highest common factor of h and 16.
16
Let m(q) = -3*q**3 - 5*q**2 - 3*q. Let r = -9 + 6. Let b be m(r). Calculate the highest common divisor of 15 and b.
15
Let t(y) = -y**3 + 9*y**2 + 9*y + 19. Let g be t(10). Let s be 2/(-2 + 3) + -1. Calculate the greatest common divisor of s and g.
1
Suppose -4 = -4*m, 133 = -5*p - 0*m + 3*m. Let y = p - -50. Let u be -3*(0 - (1 - 0)). What is the greatest common factor of y and u?
3
Suppose x + 3*i = 15, 2*x - i = -x - 5. Suppose 2*m = -x*m + 44. What is the greatest common factor of 154 and m?
22
Let t = 64 - 34. Suppose -p = -2*x + 3*x - 10, 3*p = -5*x + t. What is the highest common factor of p and 90?
10
Suppose 7*d + 30 = 10*d. Calculate the highest common divisor of d and 50.
10
Let p(j) = 19 - 11*j + 2*j**2 - 8 + 3. Let q be p(6). Calculate the highest common factor of 50 and q.
10
Suppose -j = -5*n + 42 - 7, -4*j = -20. Let x be (-5 - (-138)/18)/(1/3). What is the highest common factor of x and n?
8
Suppose -6*z + 48 = -2*z. Let g(j) = -5*j**3 - 1. Let n be g(-1). Suppose n*p - 114 = 6. What is the highest common divisor of p and z?
6
Let a be 1*((0 - -2) + 1). Suppose 12 + 4 = 4*d. Suppose -d*n + 75 - 3 = 0. What is the highest common factor of n and a?
3
Let r(n) = n**3 - 6*n**2 + n - 4. Let y(m) = -m**3 + m**2 - m + 6. Let f be y(0). Let k be r(f). Calculate the greatest common divisor of k and 16.
2
Suppose -10*f + 12*f = 6. What is the greatest common divisor of 24 and f?
3
Let a = 2 - 0. Let x = 25 + -19. Calculate the greatest common factor of a and x.
2
Suppose 0 = 2*c - 1 - 5. Let t be 7/((-28)/88) - -2. Let l be 1/(-2) + t/(-8). What is the greatest common factor of c and l?
1
Let h(d) = 2*d**2 + 6. Let t be h(-6). Suppose 0 = z + 2*z - t. Calculate the highest common factor of 286 and z.
26
Suppose 3*a = -2*a + 1300. Suppose -297 = -4*l + 3*f, -5*l + 4*f = -111 - a. Wh